ulate z(-13).
-487
Let k(i) = -45*i + 259. What is k(-5)?
484
Let n(t) = -138*t + 19. Give n(0).
19
Let t(p) = -13*p + 68. What is t(5)?
3
Let p(h) = h**2 - 160*h + 4996. Determine p(43).
-35
Let m(t) = -2094*t - 14658. What is m(-7)?
0
Let b(p) = -173*p - 1177. Give b(-7).
34
Let g(b) = -29*b - 81. Give g(6).
-255
Let z(v) = v**2 - 2367*v - 47741. Give z(-20).
-1
Let p(n) = -3*n**3 + 6*n**2 - 6*n - 25. Determine p(-4).
287
Let r(p) = -6*p**2 - 218*p + 9006. Give r(-61).
-22
Let y(s) = s**2 + 83*s - 7208. Determine y(53).
0
Let d(x) = -x**2 - 3*x + 8537. Determine d(-94).
-17
Let w(n) = -3279*n + 26249. What is w(8)?
17
Let l(v) = -900*v + 1810. Calculate l(2).
10
Let x(u) = -u**3 - u**2 - 45*u - 603. What is x(-7)?
6
Let l(j) = -6*j**2 - 58*j - 15. What is l(-9)?
21
Let w(h) = 1279*h - 11508. Determine w(9).
3
Let r(n) = 146*n - 2761. Give r(19).
13
Let y(l) = 202*l - 161. What is y(1)?
41
Let t(n) = 59*n + 193. Give t(-3).
16
Let b(n) = -64*n + 340. Give b(-14).
1236
Let g(b) = -33*b - 54. Calculate g(4).
-186
Let n(d) = -29*d**2 - 159*d + 3. Calculate n(-5).
73
Let h(t) = -10*t**2 + 41*t - 6. Give h(8).
-318
Let k(j) = -j**2 + 115*j - 2790. Calculate k(80).
10
Let x(p) = -5*p**2 + 65. Give x(0).
65
Let f(b) = b**3 + 6*b**2 + 17*b + 139. What is f(-7)?
-29
Let k(v) = 8*v**2 - 63*v - 281. Determine k(11).
-6
Let d(n) = 855*n + 6. What is d(0)?
6
Let k(g) = 24*g + 217. Calculate k(-9).
1
Let o(l) = l**3 + 4*l**2 + 7*l + 1. Determine o(-4).
-27
Let c(d) = -d**2 + 31*d - 87. Determine c(27).
21
Let g(p) = -70*p + 4067. Determine g(58).
7
Let n(k) = 2*k**3 - 124*k**2 - 529*k + 49. Calculate n(66).
-17
Let a(k) = 374*k**3 - 3*k**2 - 2*k + 2. Calculate a(-1).
-373
Let w(r) = -r**3 - 113*r**2 - 1303*r - 191. Give w(-100).
109
Let u(i) = 2*i**3 - 17*i**2 - 5*i + 23. What is u(9)?
59
Let a(r) = -r**3 + 62*r**2 + 7*r - 428. What is a(62)?
6
Let m(l) = -6*l**2 - 129*l - 584. Determine m(-15).
1
Let s(u) = 10*u**3 + 7*u**2 - 3*u - 33. Calculate s(-4).
-549
Let y(l) = 10*l - 139. Determine y(-11).
-249
Let d(t) = -t**3 + 19*t**2 + 80*t - 262. Give d(22).
46
Let s(y) = -6*y**3 + 44*y**2 - 5*y + 288. What is s(8)?
-8
Let b(v) = -5*v**3 - 26*v**2 + 236*v - 63. Give b(-10).
-23
Let k(a) = -a**3 - 55*a**2 + 155*a - 1105. What is k(-58)?
-3
Let j(w) = -w**3 + w**2 - 2*w - 3. What is j(0)?
-3
Let s(i) = 2*i**2 + 123*i - 214. Determine s(-65).
241
Let v(r) = -r**3 + 19*r**2 + 4*r - 382. Give v(18).
14
Let l(u) = u**3 + 3*u**2 + u + 14. What is l(-5)?
-41
Let p(w) = 46*w**2 + 416*w - 14. What is p(-9)?
-32
Let a(n) = -n**3 - 27*n**2 - 27*n - 725. What is a(-27)?
4
Let h(k) = 12654*k - 329007. Give h(26).
-3
Let i(c) = 2*c**3 + 30*c**2 - 31*c + 32. Calculate i(-16).
16
Let g(o) = -o**2 - o + 107. Calculate g(0).
107
Let r(d) = d**3 - 26*d**2 + 151*d - 13. What is r(9)?
-31
Let i(v) = -v**2 - 37*v + 118. Calculate i(-31).
304
Let v(x) = 4*x**2 + 231*x + 413. Give v(-56).
21
Let m(x) = -x**3 + 25*x**2 + 27*x - 43. Calculate m(26).
-17
Let r(o) = -119*o - 549. Determine r(4).
-1025
Let i(c) = -c**3 - 13*c**2 + 15*c + 37. Give i(-14).
23
Let w(g) = 85*g + 681. What is w(-8)?
1
Let m(x) = 2*x**2 + 24*x - 372. Give m(10).
68
Let k(m) = 7*m**2 - 96*m + 20. Calculate k(15).
155
Let d(c) = 9*c**2 - 27*c + 6. What is d(3)?
6
Let b(k) = 2*k**3 + 15*k**2 - 109*k - 15. Give b(5).
65
Let t(i) = 68*i + 85. Determine t(-3).
-119
Let u(c) = c**3 + 11*c**2 + c + 9. Calculate u(-12).
-147
Let p(q) = 2*q**3 + 63*q**2 - 98*q + 33. Determine p(-33).
0
Let b(u) = -2*u - 58. Give b(-33).
8
Let u(k) = -181*k - 5548. Calculate u(-31).
63
Let i(p) = 30*p + 282. Determine i(-5).
132
Let n(o) = o**3 + 16*o**2 + 54*o. Determine n(-9).
81
Let l(s) = 177*s + 4438. Give l(-25).
13
Let x(j) = j**3 + 30*j**2 - 132*j + 138. Calculate x(-34).
2
Let r(l) = -l**3 + 6*l**2 + 7*l - 31. Give r(9).
-211
Let s(w) = -3*w**2 - 46*w + 391. Calculate s(10).
-369
Let s(w) = -2*w**3 + 17*w**2 - 18*w - 25. Calculate s(6).
47
Let o(h) = -h**2 + 54*h + 563. What is o(63)?
-4
Let s(p) = 18*p**2 - 81*p - 162. Calculate s(-2).
72
Let y(s) = -4*s**2 - 52*s + 264. Give y(-17).
-8
Let b(d) = -2*d**3 + 5*d**2 + 309*d - 933. Give b(3).
-15
Let v(i) = 624*i + 137. Calculate v(-1).
-487
Let s(y) = 5*y**3 - 175*y**2 - 10*y + 350. What is s(35)?
0
Let r(p) = p**3 + 12*p**2 - 8*p - 22. Give r(-13).
-87
Let f(b) = -13656*b - 13663. Give f(-1).
-7
Let q(s) = -s**3 + 2*s**2 + s + 15. Give q(-4).
107
Let f(o) = -4*o**3 + 157*o**2 - 42*o - 25. What is f(39)?
-142
Let d(s) = -s**2 - 118*s - 3130. What is d(-40)?
-10
Let c(u) = u**2 - 11*u - 60. Calculate c(-4).
0
Let v(y) = 2*y**2 + 52*y + 566. Determine v(-10).
246
Let c(x) = 16*x**2 - 30*x + 91. Give c(4).
227
Let g(y) = -2*y**3 - 61*y**2 + 39*y - 13. Give g(-31).
-261
Let o(h) = -h + 149. What is o(-48)?
197
Let m(a) = -a**3 + 15*a**2 - 16*a + 175. Calculate m(14).
147
Let v(y) = y**3 - 18*y**2 + 71*y - 30. Give v(5).
0
Let d(w) = -w**2 - 2*w + 297. Calculate d(-19).
-26
Let c(d) = d**3 - 11*d**2 - 44. Calculate c(6).
-224
Let t(q) = -31*q + 301. Calculate t(10).
-9
Let m(g) = -3*g**3 - 4*g**2 - 5*g - 1. What is m(-3)?
59
Let d(s) = 3*s**2 - 13*s + 13. Give d(12).
289
Let f(a) = -a**2 - 20*a - 52. Give f(-17).
-1
Let z(j) = -9*j**2 - 163*j - 161. What is z(-1)?
-7
Let q(b) = -15*b + 232. Give q(16).
-8
Let q(k) = k**2 + 215*k + 6469. What is q(-36)?
25
Let d(g) = 38*g - 904. Give d(24).
8
Let y(k) = k**3 + 5*k**2 + 8*k + 21. Calculate y(-4).
5
Let s(j) = 120*j**2 - 1567*j + 11. What is s(13)?
-80
Let m(q) = 21*q + 795. What is m(-38)?
-3
Let l(s) = -s**2 + 94*s - 1562. Give l(22).
22
Let v(t) = -t**2 + 28*t + 304. Determine v(-8).
16
Let n(a) = 12*a + 294. What is n(-21)?
42
Let a(r) = -15*r**2 - 67*r + 71. What is a(1)?
-11
Let s(y) = -y**3 - 33*y**2 + 35*y + 46. Determine s(-34).
12
Let d(i) = -i**3 - 3*i**2 + 98*i + 125. What is d(-14)?
909
Let j(r) = 2125*r + 2171. What is j(-1)?
46
Let m(r) = r**3 + 10*r**2 - 18*r + 42. Determine m(-11).
119
Let n(j) = j**3 - 8*j**2 + j + 41. Give n(7).
-1
Let v(b) = -b**2 + 2122*b - 6355. What is v(3)?
2
Let u(y) = y**3 - 14*y**2 - 43*y - 38. Determine u(18).
484
Let p(y) = 65*y**2 - 49*y - 146. Calculate p(-3).
586
Let j(z) = -7*z**2 - 114*z + 90. Calculate j(-17).
5
Let p(z) = z**3 - 7*z**2. Calculate p(-5).
-300
Let t(p) = p**3 + 22*p**2 - 282*p - 102. Determine t(-31).
-9
Let g(z) = 33*z - 950. What is g(24)?
-158
Let m(p) = 6*p - 34. Give m(15).
56
Let n(m) = m**3 + 3*m**2 - 18*m + 15. Calculate n(-6).
15
Let z(a) = 172*a - 717. Calculate z(4).
-29
Let j(z) = 180*z + 25975. Determine j(-144).
55
Let o(z) = 2657*z - 71736. Calculate o(27).
3
Let h(f) = 2*f**3 + 133*f**2 + 64*f - 110. What is h(-66)?
22
Let x(j) = 79*j**2 + 20*j + 6. Calculate x(-2).
282
Let n(m) = m**2 + 9*m - 250. Give n(-21).
2
Let m(q) = -q**3 - 57*q**2 - 11*q - 733. Give m(-57).
-106
Let b(d) = 4*d**2 + 189*d - 129. What is b(-48)?
15
Let p(m) = m**3 - m**2 - m + 7. Give p(4).
51
Let w(f) = -117*f - 572. Determine w(-7).
247
Let u(f) = -f**3 + 44*f**2 - 177*f + 9984. Calculate u(45).
-6
Let p(n) = 9*n**3 + 2*n - 1. Calculate p(1).
10
Let x(p) = 12*p + 76. Determine x(-5).
16
Let r(u) = -10*u**2 - 9*u + 87. Determine r(8).
-625
Let l(q) = -q**2 + 188*q + 1768. Determine l(-9).
-5
Let v(z) = -77*z - 227. What is v(-3)?
4
Let g(x) = -2*x + 18. Give g(9).
0
Let i(z) = 288*z + 2020. Give i(-7).
4
Let w(j) = 40352*j + 3. What is w(0)?
3
Let y(h) = 57*h + 195. What is y(-3)?
24
Let b(o) = -8*o**2 + 26*o - 69. Give b(3).
-63
Let h(r) = 2*r**2 + 15*r + 8. What is h(-5)?
-17
Let q(y) = -5*y**2 + 64*y + 12. Determine q(0).
12
Let m(g) = g**3 + 7*g**2 + 2*g + 15. What is m(-5)?
55
Let u(l) = 2*l**3 + 3*l**2 + l + 8. What is u(-3)?
-22
Let l(z) = 6*z + 332. Calculate l(-53).
14
Let n(c) = -c**2 - 112*c + 22. Determine n(-112).
22
Let p(d) = -d**3 - 120*d**2 - 3572*d + 197. What is p(-65)?
2
Let b(u) = u**3 + 6*u**2 - 18*u - 80. Determine b(-7).
-3
Let q(k) = k**3 + 78*k**2 + 62*k + 109. Determine q(-77).
1264
Let j(u) = -6*u**2 - 3061*u - 6116. Give j(-2).
-18
Let n(u) = -2651*u - 26. Give n(0).
-26
Let a(h) = 2*h**2 - 39*h - 207. What is a(-5)?
38
Let g(s) = -129*s + 259. What is g(2)?
1
Let c(t) = -t**2 + 18*t + 8. Calculate c(27).
-235
Let l(n) = 1786*n**2 - 14288*n - 6. Wh